+ 66 = 0. Calculate the remainder when q(-6) is divided by s.
31
Let t = 186 + -175. Calculate the remainder when (-2618)/(-35) + 3/15 is divided by t.
9
Suppose -5*q + 25 = -70. Let v(b) = 3*b**2 - 3*b + 2. What is the remainder when q is divided by v(2)?
3
Let p = -4 - -7. Let b be 38/2 - 1 - p. Calculate the remainder when ((-20)/b)/(6/(-81)) is divided by 10.
8
Let l(n) = n**3 - 4*n**2 + n + 17. What is the remainder when 321 is divided by l(0)?
15
Let a = 761 + 450. What is the remainder when a is divided by 12?
11
Let d(v) = v**3 - 7*v**2 + 8*v - 12. Let l be d(6). Suppose -3*x - 2*s + 11 = l, -3*x + 5*s = 6*s - 10. What is the remainder when 3 is divided by x?
0
Calculate the remainder when 124 is divided by (7 + 52/(-12))*(-21)/(-4).
12
Let k(f) = 50*f - 360. What is the remainder when k(11) is divided by 47?
2
Let i(x) = 12*x - 34. Let t(m) = -m**3 + m**2 + 2*m + 7. Let r be t(0). Calculate the remainder when i(r) is divided by 36.
14
Let x = -153 - -183. What is the remainder when x is divided by 1?
0
Let s be (-18 + 40)*1/(-2). Let j(m) = m**3 + 11*m**2 - 2*m + 2. What is the remainder when j(s) is divided by 2/2 - -1*13?
10
Let p = -497 + 510. Calculate the remainder when 31 is divided by p.
5
Suppose 4*d - 3*c = 3*d - 6, -5*c = -20. Let a = 130 + -114. Suppose -2*v = -d*v + a. What is the remainder when 13 is divided by v?
1
Let i = 523 + -495. Suppose -16 = -5*s - 1. Calculate the remainder when i is divided by s.
1
What is the remainder when (1 - -27)/((-2)/(-52)*13) is divided by 5?
1
Suppose -40*v = -44*v + 556. Let j(l) = 6*l**2 - 2*l. Calculate the remainder when v is divided by j(3).
43
Let o(v) = -71*v + 18. Let t be o(-5). Suppose t = 9*y + 94. Suppose -r - 2*c + 3 = 0, -30 = -4*r - 4*c + 2*c. Calculate the remainder when y is divided by r.
4
Let q = -1 + 6. Suppose 0 = -q*t + 65 - 15. Calculate the remainder when 18 is divided by t.
8
Suppose 893*d = 886*d + 35. What is the remainder when 9 is divided by d?
4
Suppose -493*w - 15 = -494*w. What is the remainder when 43 is divided by w?
13
Suppose -4*f - 25 + 355 = x, 0 = -5*f - 2*x + 414. What is the remainder when 287 is divided by f?
41
Suppose 5*o - 174 + 64 = 0. Calculate the remainder when 40 is divided by o.
18
Let r(z) = -z - 7. Let k be ((-44)/(-16))/(2/(-8)). Calculate the remainder when r(k) is divided by 2.
0
Let u be 1 + (0 - 0) + 2. Let q = u + 8. What is the remainder when 31 is divided by q?
9
Suppose 4*h + h - 5742 = 3*i, -4604 = -4*h + 5*i. What is the remainder when h is divided by 28?
26
Suppose 102 = 4*f - 6. Let w(x) = -4*x + 12. Let q be w(2). Suppose -18 = -q*a + z, -5*a = 2*z - z - f. Calculate the remainder when 9 is divided by a.
4
Suppose -84 = -4*u - 3*n + 5*n, u - 7 = 4*n. What is the remainder when 65 is divided by u?
19
Let x(m) = 2*m**3 + 7*m**2 - 22*m + 10. What is the remainder when 399 is divided by x(-5)?
39
Suppose -7*k + 20 = -5*k. Let m be (352/20)/(2/k). Suppose m = 2*o + w - 6*w, 3*w = 5*o - 239. Calculate the remainder when o is divided by 26.
23
Let p = -65 - 26. What is the remainder when 88 is divided by (p/(-28) + -4)/((-1)/40)?
28
Let n(y) = 2*y**2 + 10*y + 50. What is the remainder when n(-8) is divided by 45?
8
Suppose 0 = -9*a + 505 + 8. Calculate the remainder when a is divided by ((-2266)/(-14))/11 + 4/14.
12
Let u be (-18)/99 - (-458)/(-22). Let x = -33 - -47. What is the remainder when 7/u*(-246)/2 is divided by x?
13
Suppose -3*j = -7*j - 212. Let i = -23 - j. Calculate the remainder when 118 is divided by i.
28
Let r(d) = -4*d**3 + 2*d**2 + 2*d - 1. Let y be 96/48*((-30)/4)/3. Calculate the remainder when 5/(y/(-4)) + 98 is divided by r(-2).
32
Let i(d) = d**3 + 8*d**2 + 4*d - 3. Let z = 14 - 20. Let q be i(z). Suppose -4*s - q = -7*s. What is the remainder when 59 is divided by s?
14
Let q(y) = -12*y**2 + 3*y + 5. Let p(m) = -12*m**2 + 4*m + 6. Let x(o) = 3*p(o) - 4*q(o). What is the remainder when x(-2) is divided by 12?
10
Let f(w) = -w**3 + 4*w**2 + 5*w + 22. What is the remainder when f(5) is divided by 6?
4
What is the remainder when (-233)/(-12 - -3 - -8) is divided by 48?
41
Suppose 4*k = 4*n - 2 + 22, 5*n + 5*k - 25 = 0. Suppose -7*j + 12*j - 145 = n. What is the remainder when j is divided by (-2)/(-8) - (-86)/8?
7
Let q = 329 + -291. Calculate the remainder when 102 is divided by q.
26
Let a = 739 + -725. What is the remainder when 95 is divided by a?
11
Let a be ((-25)/20)/(2/(-24)). Suppose -3*k - 89 = -7*k - 5*c, -3*c = -a. Suppose -189 = -0*v - 3*v. Calculate the remainder when v is divided by k.
15
Let r(p) = -29*p + 23. Let f be r(-3). Let y = f - 50. Calculate the remainder when y is divided by 16.
12
Let u(w) be the second derivative of w**3/3 - 19*w**2/2 + 11*w. Let r be u(10). Suppose r + 9 = l. Calculate the remainder when 18 is divided by l.
8
Suppose -3*u - 72 = -7*u + 2*l, -u + 28 = -3*l. Let y(h) = h**3 - 4*h**2 + 4*h - 5. Calculate the remainder when u is divided by y(4).
5
Let m = -155 - -211. Let c = 51 - 36. What is the remainder when m is divided by c?
11
Suppose v - 2*c = 3*c + 57, 0 = -v + c + 41. Let k be (-6)/(-6 + 2 - -2). Suppose 5*o - 38 = k*o. Calculate the remainder when v is divided by o.
18
Let t(f) = 1 + 0 + 6*f - 8 + 5*f**2 - 4*f**2. Suppose 3*l = -i + 24, 2*l + 4 = 2*i - i. What is the remainder when t(-10) is divided by i?
9
Let i(y) = 10*y - 78. Let w(a) = 7*a - 52. Let q(x) = -5*i(x) + 7*w(x). What is the remainder when 32 is divided by q(9)?
15
Let z be (1/(-2))/((-4)/(-48)) - -3. Calculate the remainder when 65 is divided by (z/6)/(5/(-230)).
19
What is the remainder when 9*((-2988)/27)/(-4) is divided by 65?
54
Let d = 174 - 165. What is the remainder when (-7)/42 - (-278)/12 is divided by d?
5
Suppose 6*k - 22 = 5*t + 2*k, -5*t = -2*k + 26. Let m(f) = -f - 3. Let b be m(t). Suppose 0 = -0*w - b*w + 33. Calculate the remainder when 21 is divided by w.
10
Suppose y + 19 = 22. What is the remainder when 63 is divided by y?
0
Suppose 140*s - 510 = 130*s. Calculate the remainder when s is divided by 30.
21
Let d(s) = -28*s + 2. Let u = 225 + -213. Calculate the remainder when d(-2) is divided by u.
10
Let c(p) = 5*p**3 + 13*p**2 - 15*p - 17. Let v(z) = z**3 + z**2 + 1. Let k(r) = -c(r) + 4*v(r). What is the remainder when k(-11) is divided by 25?
23
Suppose 10*w = 6*w - 280. Let q = w + 92. Calculate the remainder when q is divided by 14.
8
Let q(k) = k - 3. Let l be q(-6). Let r be (3/l)/((-1)/9). Calculate the remainder when 68 is divided by 106/r - (-4)/6.
32
Suppose 0 = 4*z - 2*a - 0*a - 200, -4*a + 90 = 2*z. Suppose -3*s + z = -98. What is the remainder when s is divided by 28?
21
Suppose -5*d + 175 = -5*w, -4*d + 0*w + 124 = 4*w. What is the remainder when d is divided by (9/(-2))/(63/(-168))?
9
Let v = 94 + -57. What is the remainder when 63 is divided by v?
26
Let f(t) = t**3 - 8*t**2 - 11*t + 50. What is the remainder when f(10) is divided by 11?
8
Let s(c) = 27*c**2 + 19*c - 6 - 2 - 28*c**2. Calculate the remainder when 79 is divided by s(16).
39
What is the remainder when (44/(-7))/((-45)/315) is divided by 25?
19
Let c(j) be the first derivative of -j**2 + 5*j - 6. Suppose 6*r - r + 19 = w, 32 = 5*w - 4*r. Calculate the remainder when c(0) is divided by w.
1
Calculate the remainder when 23 is divided by (129/6)/1 + 5/(-2).
4
Let v(y) = -y**3 - 5*y**2 - 3*y + 3. Let b be v(-3). Let i = 5 - b. Suppose -4*n + 42 = -38. What is the remainder when n is divided by i?
9
Suppose 0 = 5*l - 96 - 54. Suppose 0*c - l = -2*c. Let m(t) = -t**3 + 7*t**2 - t. Calculate the remainder when m(4) is divided by c.
14
Suppose -3*m - 3*r = -84, -46 = -2*m + 2*r + r. What is the remainder when 142 is divided by m?
12
Let s = -5 - -7. Suppose -4*q + 12 = 0, 0 = -s*d - d - 3*q + 27. What is the remainder when 14 is divided by d?
2
Suppose 4*z = -5*l + 14, 0 = -l + 4*z + z - 3. Suppose h = -l*h + 3. Suppose -h = p - 13. What is the remainder when 22 is divided by p?
10
Let l = 187 - 131. Let k = 75 - l. Calculate the remainder when 34 is divided by k.
15
Calculate the remainder when ((-620)/70)/((-4)/56) is divided by 43.
38
What is the remainder when 704 is divided by 812/8 + (-6)/12?
98
Let a(g) = -121*g - 1060. Calculate the remainder when 171 is divided by a(-9).
26
Let x(k) =